e the remainder when h is divided by x(1).
0
Let x(p) = p**2 - 2*p - 2. Let q(y) = 9*y + 120. What is the remainder when x(6) is divided by q(-12)?
10
Suppose 2*y + 3*y = -5*c + 3990, 4*y = -2*c + 1596. Calculate the remainder when c is divided by 17.
16
Let s be 236/2*(-14)/(-28). Suppose 4*t = 2*h + 13 - 43, -5*h + 2*t + s = 0. What is the remainder when 15 is divided by h?
4
Suppose 0 = 3*h + 2*n - 18, -2*h - 9 = -4*n - 21. What is the remainder when (10 - 0)/(-2) + (-231)/(-7) is divided by h?
4
Suppose 2*d = -v + 9, -4*v + 10 = 5*d - 11. Suppose -4 = -4*x, 7*o - 2*o = -d*x + 310. What is the remainder when o is divided by 31?
30
Suppose 18*n + 55 = 2899. What is the remainder when n is divided by 55?
48
Let u(z) = z**2 + 7*z + 6. Let g be u(-3). Let y(j) = 10*j + 5. Calculate the remainder when y(5) is divided by g*(-9)/3 + -4.
13
Suppose 31 = 3*a + 4*p - 0*p, -2*a + p = -17. Suppose a*s - 45 = 4*s. Calculate the remainder when 2 + (1 - 2)*-14 is divided by s.
7
Suppose 5881 = 20*p - 8139. What is the remainder when p is divided by 9?
8
Suppose -3*k - 410 = -5*s + 2*k, 4*s = 3*k + 329. Let g(o) = -2*o + 43. Calculate the remainder when g(-5) is divided by s/3 + (-6)/9.
26
Suppose 0 = 11*u - 23*u + 396. Calculate the remainder when 131 is divided by u.
32
Let q(o) = -o**2 + 2*o + 41. Let p = 62 - 62. Suppose 5*s + 0*s = 105. What is the remainder when q(p) is divided by s?
20
Suppose 3*i - 5*b - 44 = 0, -i = -0*i + 4*b - 9. What is the remainder when 16 is divided by i?
3
Suppose n - 3*n = -6, -t + 175 = -3*n. What is the remainder when t is divided by 12?
4
Let c = 1538 + -1330. What is the remainder when c is divided by 15?
13
Let z(p) = 27*p**3 - 3*p**2 + 4*p - 4. Let j be z(3). Suppose 190 = 4*g + j. What is the remainder when 39 is divided by 2/13 - 1280/g?
9
Suppose 5*y - 160 = 5*q, 3*y + 2*q - 6*q - 99 = 0. What is the remainder when 143 is divided by y?
27
Let m(a) be the third derivative of a**4/24 + 19*a**3/6 + 22*a**2. Calculate the remainder when 58 is divided by m(-9).
8
Let d(q) = -5*q**3 - 17*q**2 - q + 7. Calculate the remainder when 409 is divided by d(-4).
55
Suppose 7*w - 2393 = -328. Calculate the remainder when w is divided by 60.
55
Suppose 26*f - 11*f - 6240 = 0. What is the remainder when f is divided by 84?
80
Let i(l) = 10*l**2 + 4*l + 286. What is the remainder when i(0) is divided by 41?
40
Suppose -l - 19 = -4. Let b = -15 - l. Suppose d + b - 3 = 0. Calculate the remainder when 5 is divided by d.
2
Suppose 2*n + 15 = 3. Let r = n - -18. Suppose -4*j - 3*h + 0*h + 19 = 0, -2*j + 8 = 2*h. Calculate the remainder when r is divided by j.
5
Suppose 0 = 3*p - 6*p + 75. Let f = p - -1. Suppose -u + f = u. What is the remainder when 50 is divided by u?
11
Suppose 5*m - 29 - 31 = 0. What is the remainder when ((-3)/2)/(-5 - (-6613)/1326) is divided by m?
9
Calculate the remainder when 641 is divided by (-18 - (-9 - -1))*(-14 - -1).
121
Let s(o) = -o - 2. What is the remainder when 23 is divided by s(-6)?
3
Suppose 345 = 4*p + 2*o - 279, -2*o + 779 = 5*p. What is the remainder when p is divided by 55?
45
Suppose 4*c - 2*z = -4*z + 18, 0 = -2*c + 3*z + 13. Calculate the remainder when 53 is divided by c.
3
Let m(i) = i + 23. Let x(w) = -6*w**2 + 0 - 4*w**3 + 11*w**2 - 2 + 5*w**3 + 2*w. Let k be x(-5). What is the remainder when 20 is divided by m(k)?
9
Let u(j) = 76*j + 4. Suppose -22 = -3*p + k + 19, -4*p + 5*k + 51 = 0. What is the remainder when u(1) is divided by p?
10
Let h be ((-17)/3)/(1/3). Calculate the remainder when (h/3)/(-1)*3 is divided by (-112)/(-18) + (-4)/18.
5
Calculate the remainder when 555/2 + (-3)/(-2) is divided by 56.
55
Suppose 3*v - 2*s = -4*s + 58, 0 = 2*v - 4*s - 44. Calculate the remainder when 76 is divided by v.
16
Let s(h) = 9*h + 15. Let o(p) = 4*p + 7. Let z(m) = -7*o(m) + 3*s(m). Let c be z(-7). Suppose c*u + 7 = 46. Calculate the remainder when 51 is divided by u.
12
Let d(w) = 9*w**2 + 2*w - 7. Let h = 8 - 11. Calculate the remainder when d(h) is divided by 18.
14
Calculate the remainder when 139 is divided by (-6)/2 + -93*(-3)/9.
27
Suppose 6*m - 108 = 906. Let y = -110 + m. What is the remainder when y is divided by 31?
28
Calculate the remainder when 244 is divided by (38/(-4))/(9/(-18)).
16
Calculate the remainder when (-2156)/(-16) - (-1 + (-6)/(-8)) is divided by 17.
16
Let z = 104 - 94. Let f(u) = -3*u**2 - 2*u + 7. Let k(p) = p**2 + p - 1. Let h(b) = f(b) + 4*k(b). What is the remainder when h(-6) is divided by z?
7
Let w = 336 - 297. What is the remainder when 272 is divided by w?
38
Let f = -167 + 685. Suppose 3*q - f = -u - 4*u, -200 = -2*u - 3*q. What is the remainder when u is divided by 22?
18
Suppose -3*l = -7*l + 120. Suppose -5*o = -0*o - l. Let v = 5 + -1. Calculate the remainder when o is divided by v.
2
Suppose -7*h + 121 = 16. Let u(k) = k - 2. Suppose -28 = -4*j - 0*j. What is the remainder when h is divided by u(j)?
0
What is the remainder when 288*(86/6 + (-46 - -47)) is divided by 47?
45
Let f be ((-2)/4)/(22/(-4) - -5). Calculate the remainder when 17 is divided by 7/((-28)/(-12))*f.
2
Let c(l) = l**3 - 2*l**2 - 4*l + 35. Calculate the remainder when c(4) is divided by 42.
9
Let w = 518 + -506. Calculate the remainder when w is divided by 12.
0
Let s = -16 + 8. Let t = 8 - s. Calculate the remainder when 29 is divided by t.
13
Suppose 5*q = -15, 5*q + 6 + 11 = f. Suppose -g - f*a - 83 = -4*g, g + a = 36. Calculate the remainder when 123 is divided by g.
30
Let r(t) = 3*t - 6. Let l(o) = -5*o + 12. Let g(y) = -4*l(y) - 7*r(y). What is the remainder when 9 is divided by g(-14)?
1
Let o(p) = p**3 + 6*p**2 + 7*p + 1. Let x be o(-4). Suppose 0 = x*g + s - 0*s - 217, 8 = 4*s. Calculate the remainder when g is divided by 11.
10
Suppose 2*o - 4 = 0, -5*m + 11 = -2*m - 5*o. Let v be (69/(-12))/(((-20)/(-48))/5). Let t = v - -71. Calculate the remainder when m is divided by t.
1
Let u(x) = 0*x**2 - 3 - 1 - 2*x + x**2. Let r = 82 - 41. Calculate the remainder when r is divided by u(5).
8
Let x = 26 + -14. Suppose -2*b - 2*b + x = 0. Suppose b*m - 1 = 38. What is the remainder when 50 is divided by m?
11
Calculate the remainder when (-237)/(-790) + 354/20 is divided by 5.
3
Let j(c) = -c**3 + 14*c**2 - 9*c - 40. Calculate the remainder when 57 is divided by j(13).
9
Suppose 11*v = 7*v + 412. Calculate the remainder when v is divided by 38.
27
Suppose 9 = -7*x + 37. Calculate the remainder when (43/x)/((3 + -7)/(-16)) is divided by 11.
10
Suppose -47*x - 15 = -52*x. Suppose -x + 18 = 5*f. Calculate the remainder when 11 is divided by f.
2
Let d(w) = -w**3 + 30*w**2 - 31*w + 96. What is the remainder when 1250 is divided by d(29)?
34
Let w(x) = 19*x - 11. Let g be w(4). Suppose 0 = -s + 3*b + 27, g = -0*s + 5*s - b. Calculate the remainder when 30 is divided by s.
6
Let t be 3/6 + 5250/12. Let r = t - 252. What is the remainder when (-8 - -5) + r/3 is divided by 16?
11
Let a = 917 + -913. Calculate the remainder when 85 is divided by a.
1
Suppose 0 = -7*g - 9152 - 340. Let l(h) = 6*h + 2. Let j be l(-2). What is the remainder when (g/(-30))/((-4)/j) is divided by 29?
26
Let o be (27/(-2))/(-3)*(-14)/(-21). What is the remainder when (-1)/((-28)/48 - (-1)/o) is divided by 3?
1
Suppose 6*l = 562 + 2. Calculate the remainder when l is divided by 32.
30
Let j = 11 + -9. Let o = 12 + j. Calculate the remainder when 41 is divided by o.
13
Suppose -o + 768 = 11*o. Let j = o - 40. Calculate the remainder when 47 is divided by j.
23
Let d(h) = -h**3 + 11*h**2 - 19*h - 29. What is the remainder when 813 is divided by d(6)?
36
Suppose 0 = 5*n - 3*u - 357, -3*n = -0*u - 3*u - 213. Let l be 0*-3*2/12. What is the remainder when n is divided by (-17 - -37) + -1 + l?
15
Let b = 84 + -36. Suppose -20*u = -14*u - 150. Calculate the remainder when b is divided by u.
23
Let z = 1406 + -1354. Calculate the remainder when 151 is divided by z.
47
Suppose w = 2*f - 26, 5*f - 6*w - 80 = -11*w. Calculate the remainder when 177 is divided by f.
9
Suppose 111 - 328 = 7*h. Let t = h - -33. Suppose -p - 3*p = -t*c, -36 = -5*c - 2*p. What is the remainder when c is divided by 2?
0
Suppose -12 = t - 4*t. Suppose -t*k = 3*k - 126. What is the remainder when 122 is divided by k?
14
Suppose 0 = 164*x